.
493
What is the remainder when 905 is divided by 832?
73
What is the remainder when 11504 is divided by 633?
110
Calculate the remainder when 90173 is divided by 127.
3
What is the remainder when 184063 is divided by 535?
23
What is the remainder when 105613 is divided by 287?
284
Calculate the remainder when 3133 is divided by 310.
33
What is the remainder when 1945 is divided by 923?
99
What is the remainder when 3515 is divided by 240?
155
What is the remainder when 1061947 is divided by 11?
7
Calculate the remainder when 319555 is divided by 221.
210
What is the remainder when 6980 is divided by 47?
24
What is the remainder when 33556 is divided by 11180?
16
Calculate the remainder when 2357 is divided by 293.
13
Calculate the remainder when 11972 is divided by 142.
44
What is the remainder when 57583 is divided by 433?
427
Calculate the remainder when 43407 is divided by 20.
7
Calculate the remainder when 9144 is divided by 9037.
107
Calculate the remainder when 1253571 is divided by 313391.
7
What is the remainder when 71245 is divided by 14?
13
Calculate the remainder when 1433 is divided by 294.
257
What is the remainder when 52595 is divided by 17530?
5
Calculate the remainder when 28106 is divided by 414.
368
Calculate the remainder when 32058 is divided by 35.
33
What is the remainder when 20589 is divided by 411?
39
What is the remainder when 463386 is divided by 38?
14
Calculate the remainder when 94298 is divided by 8.
2
Calculate the remainder when 3060 is divided by 3031.
29
What is the remainder when 58140 is divided by 1352?
4
Calculate the remainder when 907895 is divided by 16.
7
Calculate the remainder when 357083 is divided by 71415.
8
What is the remainder when 81197 is divided by 117?
116
Calculate the remainder when 20950 is divided by 2705.
2015
Calculate the remainder when 25656 is divided by 2672.
1608
What is the remainder when 18447 is divided by 18261?
186
What is the remainder when 1237 is divided by 376?
109
What is the remainder when 5240 is divided by 7?
4
What is the remainder when 37908 is divided by 368?
4
What is the remainder when 3078 is divided by 2982?
96
Calculate the remainder when 21386 is divided by 4265.
61
What is the remainder when 1043 is divided by 139?
70
Calculate the remainder when 130725 is divided by 38.
5
What is the remainder when 2899 is divided by 12?
7
Calculate the remainder when 439 is divided by 135.
34
Calculate the remainder when 2039 is divided by 460.
199
Calculate the remainder when 3568 is divided by 255.
253
What is the remainder when 158822 is divided by 54?
8
What is the remainder when 265718 is divided by 130?
128
Calculate the remainder when 3332 is divided by 192.
68
Calculate the remainder when 240158 is divided by 78.
74
What is the remainder when 7728 is divided by 380?
128
Calculate the remainder when 6585 is divided by 27.
24
Calculate the remainder when 6036 is divided by 857.
37
Calculate the remainder when 5568 is divided by 142.
30
What is the remainder when 2150 is divided by 2083?
67
Calculate the remainder when 231166 is divided by 14.
12
What is the remainder when 2934 is divided by 358?
70
What is the remainder when 525 is divided by 23?
19
What is the remainder when 7071 is divided by 54?
51
Calculate the remainder when 5107 is divided by 4888.
219
Calculate the remainder when 116291 is divided by 45.
11
Calculate the remainder when 121052 is divided by 330.
272
Calculate the remainder when 9343 is divided by 9326.
17
Calculate the remainder when 124433 is divided by 31.
30
Calculate the remainder when 1311353 is divided by 1221.
1220
Calculate the remainder when 6514 is divided by 145.
134
Calculate the remainder when 60005 is divided by 570.
155
What is the remainder when 63607 is divided by 38?
33
Calculate the remainder when 62409 is divided by 46.
33
What is the remainder when 27803 is divided by 2778?
23
Calculate the remainder when 382 is divided by 260.
122
Calculate the remainder when 3432 is divided by 1344.
744
What is the remainder when 1815 is divided by 219?
63
What is the remainder when 157636 is divided by 46?
40
Calculate the remainder when 132653 is divided by 1174.
1165
What is the remainder when 1528624 is divided by 106?
104
Calculate the remainder when 57467 is divided by 41.
26
What is the remainder when 177010 is divided by 218?
212
What is the remainder when 119784 is divided by 36?
12
Calculate the remainder when 349314 is divided by 17.
15
Calculate the remainder when 6760 is divided by 413.
152
Calculate the remainder when 1525 is divided by 118.
109
What is the remainder when 303419 is divided by 24?
11
Calculate the remainder when 1424445 is divided by 17.
15
Calculate the remainder when 11595 is divided by 118.
31
Calculate the remainder when 13899 is divided by 217.
11
Calculate the remainder when 12953 is divided by 350.
3
What is the remainder when 392 is divided by 266?
126
What is the remainder when 2845 is divided by 28?
17
Calculate the remainder when 236 is divided by 219.
17
What is the remainder when 3924 is divided by 332?
272
Calculate the remainder when 55522 is divided by 25.
22
What is the remainder when 114534 is divided by 75?
9
What is the remainder when 1295538 is divided by 138?
132
What is the remainder when 138071 is divided by 69035?
1
What is the remainder when 3190 is divided by 25?
15
What is the remainder when 55255 is divided by 404?
311
Calculate the remainder when 18956 is divided by 4.
0
Calculate the remainder when 8708779 is divided by 10.
9
Calculate the remainder when 180867 is divided by 188.
11
What is the remainder when 670138 is divided by 11?
7
What is the remainder when 4418 is divided by 963?
566
What is the remainder when 28734 is divided by 28675?
59
What is the remainder when 754 is divided by 106?
12
What is the remainder when 1078 is divided by 339?
61
Calculate the remainder when 1299393 is divided by 42.
39
Calculate the remainder when 290355 is divided by 54.
51
What is the remainder when 24501 is divided by 2445?
51
What is the remainder when 46733 is divided by 9319?
138
What is the remainder when 9554 is divided by 203?
13
Calculate the remainder when 13199 is divided by 40.
39
Calculate the remainder when 25730 is divided by 12536.
658
What is the remainder when 6594 is divided by 2166?
96
Calculate the remainder when 629 is divided by 113.
64
Calculate the remainder when 548059 is divided by 67.
66
Calculate the remainder when 15060 is divided by 926.
244
Calculate the remainder when 1108119 is divided by 40.
39
Calculate the remainder when 39112 is divided by 41.
39
What is the remainder when 11807 is divided by 5890?
27
Calculate the remainder when 543 is divided by 248.
47
Calculate the remainder when 2022 is divided by 477.
114
What is the remainder when 289752 is divided by 141?
138
Calculate the remainder when 1171 is divided by 19.
12
What is the remainder when 14638 is divided by 1463?
8
What is the remainder when 643 is divided by 216?
211
Calculate the remainder when 114573 is divided by 372.
369
What is the remainder when 2048 is divided by 581?
305
Calculate the remainder when 4512 is divided by 173.
14
What is the remainder when 139993 is divided by 312?
217
Calculate the remainder when 1191 is divided by 293.
19
What is the remainder when 14753 is divided by 494?
427
What is the remainder when 79928 is divided by 249?
248
What is the remainder when 27720 is divided by 30?
0
Calculate the remainder when 28625 is divided by 415.
405
What is the remainder when 48408 is divided by 824?
616
What is the remainder when 4822 is divided by 2406?
10
What is the remainder when 32020 is divided by 30?
10
Calculate the remainder when 84329 is divided by 10.
9
Calculate the remainder when 7488 is divided by 1488.
48
What is the remainder when 255708 is divided by 327?
321
What is the remainder when 1027 is divided by 151?
121
Calculate the remainder when 19838 is divided by 63.
56
Calculate the remainder when 4529 is divided by 772.
669
Calculate the remainder when 7379 is divided by 4.
3
What is the remainder when 7101 is divided by 372?
33
Calculate the remainder when 214 is divided by 9.
7
What is the remainder when 27495 is divided by 20?
15
Calculate the re